he remainder when 7983 is divided by 22?
19
What is the remainder when 1167 is divided by 10?
7
What is the remainder when 347 is divided by 11?
6
What is the remainder when 2695 is divided by 33?
22
What is the remainder when 281 is divided by 61?
37
Calculate the remainder when 1026 is divided by 103.
99
Calculate the remainder when 183 is divided by 69.
45
Calculate the remainder when 37 is divided by 20.
17
Calculate the remainder when 77 is divided by 13.
12
Calculate the remainder when 398 is divided by 68.
58
What is the remainder when 176 is divided by 46?
38
Calculate the remainder when 2130 is divided by 86.
66
Calculate the remainder when 30 is divided by 4.
2
Calculate the remainder when 387 is divided by 146.
95
Calculate the remainder when 382 is divided by 101.
79
Calculate the remainder when 1083 is divided by 487.
109
What is the remainder when 498 is divided by 127?
117
What is the remainder when 352 is divided by 187?
165
What is the remainder when 887 is divided by 450?
437
Calculate the remainder when 951 is divided by 298.
57
What is the remainder when 334 is divided by 115?
104
What is the remainder when 289 is divided by 101?
87
What is the remainder when 497 is divided by 111?
53
Calculate the remainder when 123 is divided by 22.
13
Calculate the remainder when 250 is divided by 51.
46
Calculate the remainder when 1069 is divided by 5.
4
What is the remainder when 296 is divided by 61?
52
Calculate the remainder when 1693 is divided by 337.
8
What is the remainder when 314 is divided by 64?
58
Calculate the remainder when 2145 is divided by 132.
33
Calculate the remainder when 1188 is divided by 23.
15
What is the remainder when 548 is divided by 2?
0
Calculate the remainder when 124 is divided by 33.
25
Calculate the remainder when 967 is divided by 22.
21
Calculate the remainder when 205 is divided by 17.
1
What is the remainder when 435 is divided by 32?
19
What is the remainder when 433 is divided by 87?
85
Calculate the remainder when 2332 is divided by 32.
28
What is the remainder when 1845 is divided by 1838?
7
What is the remainder when 347 is divided by 50?
47
Calculate the remainder when 687 is divided by 15.
12
Calculate the remainder when 213 is divided by 31.
27
What is the remainder when 90 is divided by 13?
12
What is the remainder when 11218 is divided by 34?
32
What is the remainder when 1458 is divided by 105?
93
Calculate the remainder when 51 is divided by 9.
6
Calculate the remainder when 140 is divided by 31.
16
What is the remainder when 4140 is divided by 41?
40
Calculate the remainder when 885 is divided by 127.
123
What is the remainder when 642 is divided by 43?
40
Calculate the remainder when 362 is divided by 93.
83
What is the remainder when 234 is divided by 98?
38
Calculate the remainder when 694 is divided by 85.
14
Calculate the remainder when 669 is divided by 16.
13
Calculate the remainder when 52 is divided by 14.
10
What is the remainder when 476 is divided by 14?
0
Calculate the remainder when 630 is divided by 163.
141
What is the remainder when 2265 is divided by 28?
25
What is the remainder when 891 is divided by 326?
239
What is the remainder when 4812 is divided by 322?
304
What is the remainder when 1396 is divided by 84?
52
Calculate the remainder when 143 is divided by 16.
15
What is the remainder when 154 is divided by 27?
19
Calculate the remainder when 33 is divided by 21.
12
What is the remainder when 325 is divided by 66?
61
What is the remainder when 23 is divided by 8?
7
What is the remainder when 17385 is divided by 7?
4
Calculate the remainder when 296 is divided by 19.
11
Calculate the remainder when 308 is divided by 45.
38
What is the remainder when 346 is divided by 12?
10
Calculate the remainder when 33 is divided by 26.
7
Calculate the remainder when 1537 is divided by 81.
79
Calculate the remainder when 287 is divided by 30.
17
What is the remainder when 1695 is divided by 190?
175
What is the remainder when 61 is divided by 41?
20
What is the remainder when 3268 is divided by 156?
148
Calculate the remainder when 314 is divided by 21.
20
Calculate the remainder when 1132 is divided by 166.
136
What is the remainder when 881 is divided by 6?
5
What is the remainder when 417 is divided by 15?
12
Calculate the remainder when 550 is divided by 4.
2
Calculate the remainder when 492 is divided by 213.
66
What is the remainder when 587 is divided by 42?
41
What is the remainder when 26999 is divided by 13?
11
Calculate the remainder when 13394 is divided by 19.
18
What is the remainder when 350 is divided by 11?
9
Calculate the remainder when 1812 is divided by 107.
100
What is the remainder when 4412 is divided by 63?
2
Calculate the remainder when 459 is divided by 120.
99
What is the remainder when 153 is divided by 27?
18
What is the remainder when 669 is divided by 164?
13
Calculate the remainder when 411 is divided by 105.
96
What is the remainder when 854 is divided by 143?
139
Calculate the remainder when 1390 is divided by 345.
10
What is the remainder when 1974 is divided by 79?
78
What is the remainder when 331 is divided by 331?
0
Calculate the remainder when 3187 is divided by 58.
55
Calculate the remainder when 203 is divided by 41.
39
What is the remainder when 3671 is divided by 72?
71
What is the remainder when 303 is divided by 99?
6
What is the remainder when 4422 is divided by 158?
156
Calculate the remainder when 518 is divided by 65.
63
What is the remainder when 940 is divided by 240?
220
Calculate the remainder when 116 is divided by 15.
11
What is the remainder when 2616 is divided by 11?
9
Calculate the remainder when 114 is divided by 59.
55
Calculate the remainder when 233 is divided by 123.
110
What is the remainder when 277 is divided by 135?
7
What is the remainder when 1201 is divided by 1192?
9
Calculate the remainder when 492 is divided by 29.
28
Calculate the remainder when 240 is divided by 78.
6
What is the remainder when 197 is divided by 29?
23
What is the remainder when 2471 is divided by 80?
71
Calculate the remainder when 172 is divided by 56.
4
Calculate the remainder when 1332 is divided by 1331.
1
What is the remainder when 251 is divided by 17?
13
What is the remainder when 97 is divided by 18?
7
What is the remainder when 2751 is divided by 50?
1
Calculate the remainder when 179 is divided by 57.
8
Calculate the remainder when 70 is divided by 15.
10
Calculate the remainder when 229 is divided by 90.
49
Calculate the remainder when 137 is divided by 36.
29
Calculate the remainder when 868 is divided by 220.
208
Calculate the remainder when 38 is divided by 16.
6
What is the remainder when 9 is divided by 6?
3
Calculate the remainder when 527 is divided by 50.
27
Calculate the remainder when 187 is divided by 44.
11
What is the remainder when 388 is divided by 133?
122
Calculate the remainder when 183 is divided by 4.
3
Calculate the remainder when 86 is divided by 6.
2
What is the remainder when 301 is divided by 131?
39
What is the remainder when 7053 is divided by 84?
81
What is the remainder when 14181 is divided by 24?
21
Calculate the remainder when 810 is divided by 805.
5
What is the remainder when 7 is divided by 5?
2
Calculate the remainder when 596 is divided by 53.
13
What is the remainder when 1286 is divided by 1284?
2
What is the remainder when 235 is divided by 42?
25
What is the remainder when 341 is divided by 82?
13
What is the remainder when 71 is divided by 25?
21
Calculate the remainder when 1029 is divided by 10.
9
What is the remainder when 685 is divided by 99?
91
Calculate the remainder when 885 is divided by 127.
123
What is the remainder when 1464 is divided by 371?
351
Calculate the remainder when 3017 is divided by 20.
17
What is the remainder when 29 is divided by 11?
7
Calculate the remainder when 503 is divided by 102.
95
What is the remainder when 67 is divided by 36?
31
What is the remainder when 346 is divided by 35?
31
Calculate the remainder when 937 is divided by 188.
185
Calculate the remainder when 186 is divided by 83.
20
What is the remainder when 1911 is divided by 284?
207
What is the remainder when 57 is divided by 34?
23
What is the remainder when 18 is divided by 2?